{"id":15,"date":"2017-02-05T14:14:32","date_gmt":"2017-02-05T13:14:32","guid":{"rendered":"http:\/\/restaurant-populaire.ch\/b\/?page_id=15"},"modified":"2022-08-15T21:49:53","modified_gmt":"2022-08-15T19:49:53","slug":"horaires-et-contacts","status":"publish","type":"page","link":"https:\/\/restaurant-populaire.ch\/b\/horaires-et-contacts\/","title":{"rendered":"Horaires et contacts"},"content":{"rendered":"\t\n\t<section id=\"contact-details\" class=\"reset\">\n\t\t<div class=\"center\">\n\t\t\t<div class=\"section-title\">\n\t\t\t\t\t\t\t\t\t\t\t\t\t\t\t\t\t\t\n\t\t\t\t\t\t<h3 class=\"pr-font\">\n\t\t\t\t\t\t\tPour nous contacter\t\t\t\t\t\t<\/h3>\n\t\t\t\t\t\t\t\t\t\t\t\t<\/div>\t\t\n\t\t\t<div class=\"cols-3 margin-large\">\n\t\t\t\t<div>\n\t\t\t\t\t<div class=\"box phones\">\n\t\t\t\t\t\t<h3 class=\"pr-font\">\n\t\t\t\t\t\t\tT\u00e9l\u00e9phone\t\t\t\t\t\t<\/h3>\n\t\t\t\t\t\t<ul>\n\t\t\t\t\t\t\t<li>+41 21 784 11 31<\/li><li>info(a)restaurant-populaire.ch<\/li>\t\t\t\t\t\t<\/ul>\n\t\t\t\t\t\t<span class=\"fa fa-phone\"><\/span>\n\t\t\t\t\t<\/div>\n\t\t\t\t<\/div>\n\t\t\t\t<div>\n\t\t\t\t\t<div class=\"box address\">\n\t\t\t\t\t\t<h3 class=\"pr-font\">\n\t\t\t\t\t\t\tAdresse\t\t\t\t\t\t<\/h3>\t\t\t\t\n\t\t\t\t\t\t<ul>\n\t\t\t\t\t\t\t<li>\n\t\t\t\t\t\t\t\tCaf\u00e9 Restaurant Populaire - Rte du Jorat 67 - 1000 Lausanne 26 \t\t\t\t\t\t\t\t<br \/>\n\t\t\t\t\t\t\t\tFamille Belet-Crausaz Jacques, Mary-Claire et Alexandre\t\t\t\t\t\t\t<\/li>\n\t\t\t\t\t\t<\/ul>\n\t\t\t\t\t\t<span class=\"fa fa-map-marker\"><\/span>\n\t\t\t\t\t<\/div>\n\t\t\t\t<\/div>\n\t\t\t\t<div>\n\t\t\t\t\t<div class=\"box email\">\n\t\t\t\t\t\t<h3 class=\"pr-font\">\n\t\t\t\t\t\t\tHoraire d\u2019ouverture\t\t\t\t\t\t<\/h3>\n\t\t\t\t\t\t\t\t\t\t\t\t\t\t\t\t\n\t\t\t\t\t\t\t<ul>\n\t\t\t\t\t\t\t\t\t\t\t\t\t\t\t\t\t<li>Mardi au vendredi de 8h00 \u00e0 23h00<\/li>\n\t\t\t\t\t\t\t\t\t\t\t\t\t\t\t\t\t<li>Samedi de 9h00 \u00e0 23h00<\/li>\n\t\t\t\t\t\t\t\t\t\t\t\t\t\t\t\t\t<li>FERM\u00c9 dimanche et lundi<\/li>\n\t\t\t\t\t\t\t\t\t\t\t\t\t\t\t<\/ul>\n\t\t\t\t\t\t\t\t\t\t\t\t<span class=\"fa fa-clock-o\"><\/span>\n\t\t\t\t\t<\/div>\n\t\t\t\t<\/div>\n\t\t\t<\/div>\n\t\t<\/div>\n\t<\/section>\n\t\n<h1>Merci de r\u00e9server par t\u00e9l\u00e9phone uniquement!<\/h1>\n<p>\u00a0<\/p>\n\n<div class=\"section-title\">\n<h3 class=\"pr-font\">\n\t\t\t\t\t\t\tNous \u00e9crire\t\t\t\t\t\t<\/h3>\n<\/p><\/div>\n<div role=\"form\" class=\"wpcf7\" id=\"wpcf7-f646-o1\" lang=\"fr-FR\" dir=\"ltr\">\n<div class=\"screen-reader-response\"><p role=\"status\" aria-live=\"polite\" aria-atomic=\"true\"><\/p> <ul><\/ul><\/div>\n<form action=\"\/b\/wp-json\/wp\/v2\/pages\/15#wpcf7-f646-o1\" method=\"post\" class=\"wpcf7-form init\" novalidate=\"novalidate\" data-status=\"init\">\n<div style=\"display: none;\">\n<input type=\"hidden\" name=\"_wpcf7\" value=\"646\" \/>\n<input type=\"hidden\" name=\"_wpcf7_version\" value=\"5.6.2\" \/>\n<input type=\"hidden\" name=\"_wpcf7_locale\" value=\"fr_FR\" \/>\n<input type=\"hidden\" name=\"_wpcf7_unit_tag\" value=\"wpcf7-f646-o1\" \/>\n<input type=\"hidden\" name=\"_wpcf7_container_post\" value=\"0\" \/>\n<input type=\"hidden\" name=\"_wpcf7_posted_data_hash\" value=\"\" \/>\n<input type=\"hidden\" name=\"_wpcf7_recaptcha_response\" value=\"\" \/>\n<\/div>\n<p><label> Votre nom : *<br \/>\n    <span class=\"wpcf7-form-control-wrap\" data-name=\"your-name\"><input type=\"text\" name=\"your-name\" value=\"\" size=\"40\" class=\"wpcf7-form-control wpcf7-text wpcf7-validates-as-required\" aria-required=\"true\" aria-invalid=\"false\" \/><\/span> <\/label><\/p>\n<p><label> Votre email : *<br \/>\n    <span class=\"wpcf7-form-control-wrap\" data-name=\"your-email\"><input type=\"email\" name=\"your-email\" value=\"\" size=\"40\" class=\"wpcf7-form-control wpcf7-text wpcf7-email wpcf7-validates-as-required wpcf7-validates-as-email\" aria-required=\"true\" aria-invalid=\"false\" \/><\/span> <\/label><\/p>\n<p><label> Votre t\u00e9l\u00e9phone<br \/>\n    <span class=\"wpcf7-form-control-wrap\" data-name=\"your-subject\"><input type=\"text\" name=\"your-subject\" value=\"\" size=\"40\" class=\"wpcf7-form-control wpcf7-text wpcf7-validates-as-required\" aria-required=\"true\" aria-invalid=\"false\" \/><\/span> <\/label><\/p>\n<p><label> Votre message *<br \/>\n    <span class=\"wpcf7-form-control-wrap\" data-name=\"your-message\"><textarea name=\"your-message\" cols=\"40\" rows=\"10\" class=\"wpcf7-form-control wpcf7-textarea\" aria-invalid=\"false\"><\/textarea><\/span> <\/label><\/p>\n<p><input type=\"submit\" value=\"Envoyer\" class=\"wpcf7-form-control has-spinner wpcf7-submit\" \/><\/p>\n<p style=\"display: none !important;\"><label>&#916;<textarea name=\"_wpcf7_ak_hp_textarea\" cols=\"45\" rows=\"8\" maxlength=\"100\"><\/textarea><\/label><input type=\"hidden\" id=\"ak_js_1\" name=\"_wpcf7_ak_js\" value=\"99\"\/><script>document.getElementById( \"ak_js_1\" ).setAttribute( \"value\", ( new Date() ).getTime() );<\/script><\/p><div class=\"wpcf7-response-output\" aria-hidden=\"true\"><\/div><\/form><\/div>\n","protected":false},"excerpt":{"rendered":"<p>Merci de r\u00e9server par t\u00e9l\u00e9phone uniquement! \u00a0<\/p>\n","protected":false},"author":1,"featured_media":144,"parent":0,"menu_order":0,"comment_status":"closed","ping_status":"closed","template":"","meta":[],"_links":{"self":[{"href":"https:\/\/restaurant-populaire.ch\/b\/wp-json\/wp\/v2\/pages\/15"}],"collection":[{"href":"https:\/\/restaurant-populaire.ch\/b\/wp-json\/wp\/v2\/pages"}],"about":[{"href":"https:\/\/restaurant-populaire.ch\/b\/wp-json\/wp\/v2\/types\/page"}],"author":[{"embeddable":true,"href":"https:\/\/restaurant-populaire.ch\/b\/wp-json\/wp\/v2\/users\/1"}],"replies":[{"embeddable":true,"href":"https:\/\/restaurant-populaire.ch\/b\/wp-json\/wp\/v2\/comments?post=15"}],"version-history":[{"count":23,"href":"https:\/\/restaurant-populaire.ch\/b\/wp-json\/wp\/v2\/pages\/15\/revisions"}],"predecessor-version":[{"id":977,"href":"https:\/\/restaurant-populaire.ch\/b\/wp-json\/wp\/v2\/pages\/15\/revisions\/977"}],"wp:featuredmedia":[{"embeddable":true,"href":"https:\/\/restaurant-populaire.ch\/b\/wp-json\/wp\/v2\/media\/144"}],"wp:attachment":[{"href":"https:\/\/restaurant-populaire.ch\/b\/wp-json\/wp\/v2\/media?parent=15"}],"curies":[{"name":"wp","href":"https:\/\/api.w.org\/{rel}","templated":true}]}}