{"id":1181,"date":"2025-11-12T21:02:07","date_gmt":"2025-11-12T20:02:07","guid":{"rendered":"https:\/\/restaurant-populaire.ch\/b\/?page_id=1181"},"modified":"2025-11-12T21:04:31","modified_gmt":"2025-11-12T20:04:31","slug":"swisstainable","status":"publish","type":"page","link":"https:\/\/restaurant-populaire.ch\/b\/swisstainable\/","title":{"rendered":"Swisstainable"},"content":{"rendered":"\n<p class=\"has-text-align-center\">Nous participons au programme de durabilit\u00e9 Swisstainable et sommes class\u00e9s au niveau II \u2013 engaged. <\/p>\n\n\n\n<p class=\"has-text-align-center\">Le programme Swisstainable r\u00e9unit des entreprises et des organisations de l\u2019ensemble du secteur touristique suisse. Par notre participation, nous nous engageons \u00e0 promouvoir un d\u00e9veloppement durable continu de l\u2019entreprise, suivons de pr\u00e8s les mesures prises dans le domaine de la durabilit\u00e9 et apportons ainsi une contribution concr\u00e8te \u00e0 un tourisme suisse durable. <\/p>\n\n\n\n<p class=\"has-text-align-center\">Pour en savoir plus sur Swisstainable: <a href=\"http:\/\/switzerland.com\/fr\/swisstainable\" data-type=\"URL\" data-id=\"switzerland.com\/fr\/swisstainable\" target=\"_blank\" rel=\"noreferrer noopener\">switzerland.com\/fr\/swisstainable.<\/a><\/p>\n\n\n<div class=\"wp-block-image\">\n<figure class=\"aligncenter size-full is-resized\"><img loading=\"lazy\" src=\"https:\/\/restaurant-populaire.ch\/b\/wp-content\/uploads\/2025\/11\/125_20q_01_swisstainable_2_engaged_RGB.png\" alt=\"\" class=\"wp-image-1182\" width=\"500\" height=\"500\"\/><\/figure><\/div>","protected":false},"excerpt":{"rendered":"<p>Nous participons au programme de durabilit\u00e9 Swisstainable et sommes class\u00e9s au niveau II \u2013 engaged. Le programme Swisstainable r\u00e9unit des entreprises et des organisations de l\u2019ensemble du secteur touristique suisse&#8230;.<\/p>\n","protected":false},"author":1,"featured_media":0,"parent":0,"menu_order":0,"comment_status":"closed","ping_status":"closed","template":"","meta":[],"_links":{"self":[{"href":"https:\/\/restaurant-populaire.ch\/b\/wp-json\/wp\/v2\/pages\/1181"}],"collection":[{"href":"https:\/\/restaurant-populaire.ch\/b\/wp-json\/wp\/v2\/pages"}],"about":[{"href":"https:\/\/restaurant-populaire.ch\/b\/wp-json\/wp\/v2\/types\/page"}],"author":[{"embeddable":true,"href":"https:\/\/restaurant-populaire.ch\/b\/wp-json\/wp\/v2\/users\/1"}],"replies":[{"embeddable":true,"href":"https:\/\/restaurant-populaire.ch\/b\/wp-json\/wp\/v2\/comments?post=1181"}],"version-history":[{"count":2,"href":"https:\/\/restaurant-populaire.ch\/b\/wp-json\/wp\/v2\/pages\/1181\/revisions"}],"predecessor-version":[{"id":1187,"href":"https:\/\/restaurant-populaire.ch\/b\/wp-json\/wp\/v2\/pages\/1181\/revisions\/1187"}],"wp:attachment":[{"href":"https:\/\/restaurant-populaire.ch\/b\/wp-json\/wp\/v2\/media?parent=1181"}],"curies":[{"name":"wp","href":"https:\/\/api.w.org\/{rel}","templated":true}]}}